 5*j - 7. Let k(v) = 3*b(v) - 2*m(v). Is k(6) a composite number?
True
Let a = -2078 - -4009. Is a a composite number?
False
Let z = 7 + -11. Let p(o) = o**3 + 9*o**2 - 3. Is p(z) prime?
False
Let t = 94 + 58. Let b = t - 99. Is b a prime number?
True
Let b(k) = -k**2 + 5*k + 5. Let o be b(5). Suppose o*q = f - 3*f + 399, -2*q + 2*f + 154 = 0. Is q a composite number?
False
Is 6/2 + 4460/5 prime?
False
Is 2/7 + 6147/21 composite?
False
Let o be (-42)/(-12) - (-2)/4. Suppose -o*s + 9*s = 1765. Is s a composite number?
False
Let y = -69 + 448. Is y composite?
False
Let f = 38 + -66. Let k = -20 - f. Suppose d + k = -4*a + 55, 2*a = d + 19. Is a composite?
False
Let z(h) = 13*h**2 - 6*h + 4. Is z(5) composite?
True
Let a(h) = 25*h**2 - 4*h - 2. Let k be a(-3). Suppose -4*w + 3*m + 19 = w, -4*w - m + 22 = 0. Suppose w*b = -4*v + k, v = 3*v. Is b composite?
False
Let m(h) = -2*h - 8. Let y be m(-7). Is 14/y*(2 + 67) a composite number?
True
Suppose 0 = 4*x - 2*x - 678. Let v = -481 + x. Let p = v - -303. Is p a composite number?
True
Let b(d) = d**3 - 2*d**2 - d + 4. Let o be b(3). Let y be (-6)/o*(-2 - 3). Suppose y*k - 24 = 2*k - 2*h, 4*k = -h + 103. Is k composite?
True
Let m(d) = d + 2. Let y be m(6). Let t be (-2)/y - 26/(-8). Suppose -5*x + 25 = -4*k - 88, 0 = 5*x - t*k - 111. Is x a prime number?
False
Suppose w + 8 = -3*w. Let l be 2/9 - 440/(-45). Is (-346)/(-5) + w/l composite?
True
Let j(t) = 16*t. Let q = 1 + 3. Let l be j(q). Let c = l - 33. Is c a prime number?
True
Suppose -2*l + 4*l - 4 = 0. Suppose 2*j = 3*h - 599, h - l = -1. Is (-9)/6*j/3 prime?
True
Suppose 2*b = -a - 9 + 20, 0 = 5*b - 3*a - 11. Is b/2 + -5 - -72 a prime number?
False
Suppose 2*a - 18 = -3*a - 2*g, -2*g = 2. Suppose -a*l + 460 = -0*l. Is l composite?
True
Suppose x - 66 = 3*b + 118, 4 = -2*x. Let y = b - -175. Is y a composite number?
False
Suppose -2*y + 6*y + 3*f = 305, 227 = 3*y + 4*f. Suppose t - 3*l = y, -2*t + 5*l + 152 = l. Suppose -w + 3*q - 69 = -5*w, -2*q + t = 4*w. Is w composite?
True
Let l(o) = o**3 + 3*o**2 - 20*o + 41. Is l(12) prime?
False
Let u = 161 + 233. Let m = u - 203. Is m a prime number?
True
Suppose 5*h + 11 = -5*o - 4, -3*h - 13 = 4*o. Let w be (2/o)/(1/(-14)). Let f = w - -24. Is f prime?
True
Suppose -4*n + 15 = 3, 0 = -5*z + n + 27. Let l = -3 + z. Suppose l*h = -4*u + 29, -3*u + 23 = -h + 3*h. Is u composite?
False
Suppose 12 = 3*k - 3*g, 5*k + 2*g = -3*g + 10. Suppose -3*j + 192 = 45. Suppose -k*u + j = -2*u. Is u a prime number?
False
Let v(z) = z + 1. Let f be v(3). Suppose o = 2*l - 7*l - 1, -f*l - 4 = 4*o. Suppose 5*u - 235 = -4*t, l = -0*u - 2*u - 5*t + 94. Is u prime?
True
Suppose o + 4*b = 63, 2*b + 163 = 3*o + b. Is o a prime number?
False
Is ((-23676)/(-36))/(1/3) composite?
False
Let w(c) = 213. Let k(r) = r + 1. Let z(d) = -2*k(d) + w(d). Is z(0) prime?
True
Suppose 0 = -4*j + p - 3*p + 3632, j - 4*p = 899. Is j a composite number?
False
Let c(p) = 4*p + 2*p**3 + p**3 + 5 + 0*p**2 + 2 + 3*p**2. Is c(7) a prime number?
False
Let z(l) = l**2 - 6*l + 5. Let x be z(4). Let r = x + 22. Is r a composite number?
False
Is (3 + -8 + 4)*-781 a composite number?
True
Suppose 3*o + 692 = 1685. Is o a prime number?
True
Let w(c) = 6 + 3 - 149*c + 37*c - 14. Is w(-3) composite?
False
Let d be 3*((-40)/3)/(-1). Let p = -50 - -66. Is 277/5 - p/d prime?
False
Suppose 5*u - 2985 - 1460 = 0. Is u a prime number?
False
Suppose 5*k = k + 1080. Suppose -4*w = 3*r - 1111, -2*w = -r + k + 107. Suppose 5*i - 262 = r. Is i composite?
False
Let v(d) = -10*d**3 - 1 + 3*d + 7*d**2 + 22*d**3 - 13*d**3. Is v(4) a composite number?
False
Let i(m) = -m**2 - 9*m - 4. Let o be i(-6). Is o - 2/(-4)*0 composite?
True
Let y(l) = l + 221. Is y(0) composite?
True
Suppose 0*u = -u + 35. Let j = u - -34. Is j prime?
False
Let g = -462 - -3181. Is g a composite number?
False
Let h be 8 - 0*(-1)/(-2). Suppose -20 = -3*r + h*r, 385 = i - 3*r. Is i a composite number?
False
Let d(f) = -5*f**2 + 2*f. Let c(x) = x**3 - 2*x**2 - 3*x + 2. Let y be c(3). Let j be d(y). Let b = 55 + j. Is b a composite number?
True
Suppose -5*m = -4*y - 200, -2*m - 2*m - y + 160 = 0. Suppose 0 = -5*d + 25 + m. Is d composite?
False
Let n(c) = 26*c**2 + 6*c + 5. Is n(-4) a composite number?
False
Let r be 6 + 110 + -1 + 3. Let y = r + -51. Is y prime?
True
Let k be 3/2*(-2)/(-1). Suppose -7*q + 100 = -k*q. Is q a composite number?
True
Let z(b) = -5*b**3 + 4*b**2 + b + 177. Suppose 0*j - 3*j + 12 = 0. Let t(f) = 6*f**3 - 5*f**2 - f - 176. Let a(u) = j*t(u) + 5*z(u). Is a(0) a prime number?
True
Is 3338*((-66)/(-12) + -5) prime?
True
Let j be 6/2 - (3 - 4). Suppose -j*y - 2*k = -8 - 6, -y + k + 8 = 0. Suppose y*d = -0*d + 115. Is d a prime number?
True
Suppose -7*l = -13*l + 48. Let u(f) = 5*f**2 - 3*f + 1. Let q be u(5). Suppose 0 = -i + q + l. Is i composite?
True
Let i = -2 + 2. Suppose 2*c - 4 = -i*c. Is 1/c - (-164)/8 a composite number?
True
Let q(d) be the third derivative of d**4/24 + 37*d**3/2 + 4*d**2. Is q(0) composite?
True
Let w = 777 + -488. Let q = w - 32. Is q a composite number?
False
Suppose 0 = -m + 5*y + 50, m = -0*m + 3*y + 54. Suppose -2*u = -4*u + m. Suppose -u = -i - i. Is i prime?
False
Suppose -5*i + 6 = -3*d + 1, -5*d + 4*i - 4 = 0. Suppose 0 = f - 5*g - 1081, d = f + 4*f - 2*g - 5313. Is f a prime number?
True
Suppose i - 2 = x, 0 = -i - 0*i + 4*x + 8. Suppose i = -3*j + j + 28. Is j prime?
False
Let f(v) = v**2 + 4*v - 3. Let t be f(5). Let b = -20 + t. Is b a prime number?
False
Let r(f) = 9*f + 59. Is r(18) composite?
True
Let x = -111 - -401. Let a = x + 339. Is a a composite number?
True
Let r(f) = -13*f - 1163. Let g(x) = -3*x - 291. Let m(v) = -9*g(v) + 2*r(v). Is m(0) a prime number?
True
Suppose 2*i - 261 = -2*g + 125, -3*g + 3*i + 567 = 0. Is g a prime number?
True
Suppose 2*h + 3*h - 20 = 0. Let t(k) = k**3 + 3*k**2 + 2*k + 2. Let s be t(-2). Suppose h*a + b = s*a + 26, -b + 65 = 5*a. Is a a prime number?
True
Let q be 3*(-3 + 6 - 2). Suppose 2*b = q*s + 426, -2*b + 1103 = 3*b + 2*s. Is b composite?
True
Let w(f) = -58*f - 5. Is w(-3) a prime number?
False
Let y(u) = 5*u**2 + 2*u - 22. Is y(-5) a prime number?
False
Suppose -54 - 45 = -i. Let y be (18/15)/(2/(-110)). Let p = y + i. Is p a composite number?
True
Suppose 2*d - 582 = 394. Let g = 791 - d. Is g a composite number?
True
Let j(q) = -2*q**2 - 2*q - 13. Let z(g) = g + 1. Let i(h) = -j(h) - 6*z(h). Is i(5) a composite number?
False
Suppose -5*f + 3*f = -1558. Is f prime?
False
Suppose d + 2*y + y = 53, d - 3*y - 65 = 0. Is 4/(-6) - d/(-3) a composite number?
False
Suppose 1075 = 5*n + 150. Is n a composite number?
True
Let j be (-38)/(-14) + 6/21. Let t be (-5 + 5)*(-3)/(-6)*-1. Suppose t = 3*a - v - 7 - 32, 5*a + j*v = 79. Is a a composite number?
True
Suppose 2 = 2*t - 152. Is t prime?
False
Is (3 + -1)*1644/8 a composite number?
True
Is -2 - (-719 - 2 - 0) a composite number?
False
Is ((-2)/6)/(31/(-34503)) a prime number?
False
Let i(w) = -w**2 + 7*w + 4. Let v be i(7). Let c(g) = 174*g + 5. Is c(v) a composite number?
False
Let g(n) = -174*n**3 - 2*n**2 + 2*n + 3. Is g(-2) a prime number?
False
Is (1/2)/(2/2332) a prime number?
False
Let u(c) be the third derivative of -c**2 + 0 - 3/2*c**3 - 2/3*c**4 + 0*c. Is u(-8) prime?
False
Let w(n) = -2*n**2 + 5*n**2 - 3 + 0 + 4. Let d be w(1). Suppose 4*y - 326 = -2*a, -2*y - 2*y + 320 = d*a. Is y prime?
True
Suppose -2*x - 3*c - 52 = 0, 5*x - 5*c = -2*c - 88. Is ((-33)/(-4))/((-5)/x) prime?
False
Let o = 204 - 113. Let l = o - 0. Is l a prime number?
False
Let y be (-2 - 12/(-8))*-1160. Suppose -y = -0*o - 4*o. Is o a composite number?
True
Let z be (-6)/4*1336/(-6). Suppose -z = -2*h + 36. Is h prime?
False
Let t = 15 + 78. Is (-1 - (-12)/9)*t a composite number?
False
Suppose 0 = -3*m + 2*m - 4*v + 36, -146 = -5*m - 3*v. Let h be 1028/m + (-4)/(-14). Suppose h - 126 = -4*p + 5*c, -5*p + 136 = 2*c. Is p a composite number?
True
Let n(p) = p**3 - 3*p**2 + 3*p - 16. Is n(7) composite?
True
Is (-12)/54*-1 + (-24170)/(-18) a composite number?
True
Suppose 3*d + 0*d - 194 = -2*u, -3*u - 5*d + 293 = 0. Is u composite?
True
Let h(b) = -593*b**3 - 2*b**2 - 3*b - 1. Is h(-2) a composite number?
True
Let u(s) = 4*s + 9. Is u(11) a composite number?
Fal